9.
320
What is 14353 (base 9) in base 16?
2628
Convert 120101211 (base 3) to base 13.
5158
24571 (base 8) to base 14
3c25
-ba8 (base 14) to base 8
-4400
-111100010 (base 2) to base 13
-2b1
Convert -ab (base 15) to base 16.
-a1
Convert 1001000 (base 2) to base 15.
4c
cbad (base 15) to base 9
65151
205a (base 11) to base 13
131a
-61301 (base 7) to base 14
-5601
-1001210 (base 3) to base 13
-47a
What is 3222 (base 4) in base 5?
1414
Convert e6f (base 16) to base 11.
285a
Convert -210424 (base 5) to base 4.
-1231031
Convert 1252 (base 8) to base 12.
48a
-26110 (base 11) to base 6
-445052
Convert 106 (base 9) to base 11.
7a
Convert -3e8a (base 15) to base 12.
-7911
What is 1203211 (base 4) in base 14?
2473
Convert -8b11 (base 15) to base 10.
-29491
-43728 (base 11) to base 7
-352640
Convert -614 (base 11) to base 9.
-1013
What is 2560 (base 12) in base 11?
3212
Convert -158 (base 11) to base 10.
-184
12332 (base 5) to base 10
967
Convert 420 (base 11) to base 3.
200202
What is -59 (base 13) in base 9?
-82
Convert 553 (base 8) to base 11.
300
Convert -6463 (base 9) to base 12.
-2903
-1122101002 (base 3) to base 9
-48332
123 (base 10) to base 5
443
Convert 220323 (base 6) to base 15.
562c
What is 10010101001000 (base 2) in base 3?
111002111
What is 26458 (base 13) in base 8?
212615
What is 17960 (base 12) in base 6?
422200
What is -5c60 (base 14) in base 9?
-24141
Convert 3325 (base 11) to base 7.
15531
What is 2460 (base 8) in base 15?
5d8
Convert 59a (base 12) to base 7.
2305
What is -20203303 (base 4) in base 14?
-cac3
What is -34534 (base 6) in base 11?
-37a4
-120010012 (base 3) to base 12
-6465
What is -3010 (base 4) in base 16?
-c4
What is 1240 (base 5) in base 10?
195
a0c (base 15) to base 2
100011010110
What is -555144 (base 6) in base 10?
-46504
What is 20245 (base 6) in base 8?
5205
Convert 1710 (base 10) to base 7.
4662
What is -2411 (base 10) in base 4?
-211223
Convert -42135 (base 7) to base 13.
-4944
-550 (base 13) to base 12
-63a
-48153 (base 10) to base 15
-e403
What is -102044 (base 5) in base 4?
-311013
Convert -599 (base 14) to base 16.
-45b
1501 (base 8) to base 13
4c1
Convert 1630 (base 8) to base 5.
12140
What is -415 (base 8) in base 4?
-10031
What is -902 (base 16) in base 6?
-14402
What is 259 (base 13) in base 12?
2a4
6642 (base 7) to base 15
a8c
-1212 (base 15) to base 16
-f02
Convert 36a05 (base 11) to base 10.
53124
7c (base 13) to base 15
6d
Convert 1c6d (base 14) to base 4.
1101021
Convert -1301033 (base 4) to base 14.
-28d9
2403 (base 5) to base 2
101100001
-24547 (base 8) to base 10
-10599
What is 134 (base 12) in base 6?
504
Convert -2e5 (base 16) to base 9.
-1013
681 (base 14) to base 9
1682
-12200 (base 3) to base 9
-180
15142 (base 9) to base 12
5b85
Convert -100101001 (base 2) to base 16.
-129
What is -7868 (base 9) in base 14?
-2193
a50a (base 11) to base 10
13925
What is -2a6b (base 12) in base 15?
-171e
1c4 (base 14) to base 4
11300
-21738 (base 12) to base 13
-171b0
1010220122 (base 3) to base 12
1105b
Convert 90 (base 11) to base 9.
120
-12222112 (base 3) to base 10
-4361
Convert 3554 (base 6) to base 16.
35e
Convert 135315 (base 6) to base 11.
9734
2432 (base 5) to base 13
223
-3450 (base 10) to base 3
-11201210
What is 2315 (base 15) in base 7?
30464
What is 3614 (base 10) in base 13?
1850
20144 (base 5) to base 3
1210010
-5464 (base 16) to base 11
-15260
1923 (base 11) to base 7
10062
279 (base 14) to base 16
1f3
1552 (base 8) to base 11
725
-89a (base 13) to base 4
-113013
What is -202220 (base 3) in base 11?
-473
Convert -31232 (base 5) to base 3.
-2211120
-111101110 (base 2) to base 4
-13232
What is 39206 (base 10) in base 9?
58702
What is -213303 (base 4) in base 8?
-4763
Convert -11131 (base 4) to base 3.
-110221
What is -2978 (base 15) in base 13?
-4079
Convert 33406 (base 7) to base 10.
8434
Convert 2011112 (base 3) to base 8.
3054
What is -1441 (base 15) in base 12?
-2614
10110221 (base 3) to base 10
2536
-1a3 (base 16) to base 9
-515
Convert 57450 (base 8) to base 4.
11330220
What is -5765 (base 8) in base 14?
-1189
What is 22321 (base 4) in base 6?
3121
What is -49a (base 12) in base 11?
-581
What is 993 (base 10) in base 4?
33201
What is -12107 (base 8) in base 15?
-1811
Convert -4340 (base 5) to base 4.
-21103
What is -3392 (base 13) in base 5?
-212332
Convert 34b (base 15) to base 12.
522
-15a9 (base 11) to base 6
-13303
What is 221200220 (base 3) in base 16?
492f
-2002 (base 4) to base 7
-244
Convert -3d3 (base 15) to base 7.
-2355
Convert 22103 (base 5) to base 12.
a74
Convert 4431 (base 5) to base 8.
1150
Convert -6300 (base 7) to base 15.
-9c0
Convert -268 (base 12) to base 5.
-2433
-105425 (base 7) to base 4
-10210301
1002 (base 5) to base 12
a7
-102001112 (base 3) to base 8
-17574
112431 (base 6) to base 15
2ce7
What is -1808 (base 9) in base 2?
-10101101001
Convert 1222 (base 8) to base 11.
549
-530530 (base 6) to base 12
-20a46
What is 100000110110 (base 2) in base 9?
2785
Convert -c77 (base 14) to base 6.
-15213
What is 2012 (base 6) in base 11?
370
21334 (base 5) to base 8
2675
Convert 13103 (base 6) to base 16.
7bf
-721b (base 16) to base 5
-1413321
-1362 (base 9) to base 16
-404
-6e (base 15) to base 5
-404
Convert 3467 (base 10) to base 4.
312023
What is 29d (base 14) in base 12?
383
What is 1a5 (base 14) in base 3?
110122
Convert -33a (base 12) to base 4.
-13132
Convert 1561 (base 8) to base 6.
4025
Convert 314044 (base 5) to base 14.
3b9a
What is -b15 (base 15) in base 2?
-100110111111
What is 22022 (base 3) in base 14?
120
What is -505 (base 7) in base 14?
-13c
Convert 1173 (base 9) to base 12.
610
-7c88 (base 16) to base 7
-161642
-141204 (base 5) to base 14
-2188
13600 (base 12) to base 11
1913a
-100101010101 (base 2) to base 13
-111a
Convert 42 (base 6) to base 9.
28
What is -1020110212 (base 3) in base 13?
-b153
What is -20777 (base 11) in base 4?
-13120011
-220000002 (base 3) to base 5
-1024443
Convert 32717 (base 9) to base 10.
21724
What is 15418 (base 13) in base 2?
1001110100110011
20000010 (base 3) to base 2
1000100011001
-3341 (base 9) to base 16
-9a3
Convert 10110011110 (base 2) to base 9.
1867
Convert -84 (base 12) to base 10.
-100
-7084 (base 12) to base 9
-17651
3431 (base 6) to base 15
391
What is 8847 (base 11) in base 9?
17003
Convert -2422 (base 8) to base 3.
-1210002
What is -1121 (base 8) in base 2?
-1001010001
Convert 100000000110 (base 2) to base 5.
31204
324 (base 6) to base 4
1330
Convert -20022223 (base 4) to base 5.
-2032301
Convert 338 (base 12) to base 5.
3401
What is 10000010001001 (base 2) in base 7?
33166
What is 34322 (base 9) in base 3?
1011100202
Convert 35726 (base 10) to base 5.
2120401
What is -3401 (base 5) in base 6?
-2112
What is 174 (base 14) in base 15?
14d
10031 (base 4) to base 10
269
Convert 14969 (base 10) to base 4.
3221321
Convert -634 (base 10) to base 8.
-1172
Convert -21012310 (base 4) to base 2.
-1001000110110100
What is 21203012 (base 4) in base 9?
58575
Convert -3704 (base 16) to base 8.
-33404
What is 43112 (base 5) in base 11?
2203
Convert 14644 (base 8) to base 14.
256c
Convert -644 (base 9) to base 15.
-251
What is -32227 (base 9) in base 4?
-11031100
-135 (base 14) to base 8
-363
What is 587 (base 12) in base 6?
3451
What is 123132 (base 4) in base 12?
1026
Convert 22222220 (base 3) to base 2.
1100110011110
Convert 5 (base 6) to base 16.
5
-a286 (base 14) to base 5
-1343300
20233 (base 4) to base 13
340
Convert -4f2b (base 16) to base 15.
-6012
Convert -2a8 (base 13) to base 11.
-3a3
What is -1c78 (base 14) in base 9?
-7120
7e (base 15) to base 6
315
-1011010001000010 (base 2) to base 15
-da16
What is 8541 (base 12) in base 16?
3901
What is 22677 (base 11) in base 15?
9a89
Convert -19067 (base 10) to base 9.
-28135
-970 (base 16) to base 13
-113b
65 (base 15) to base 5
340
Convert -aa1a (base 11) to base 15.
-4496
What is d40 (base 15) in base 3?
11002120
22102 (base 4) to base 12
46a
What is -1075 (base 16) in base 13?
-1bc1
What is 142 (base 16) in base 7?
640
What is -23a3 (base 12) in base 7?
-14460
What is 158 (base 14) in base 5?
2044
-1213 (base 8) to base 2
-1010001011
What is -302110 (base 4) in base 2?
-110010010100
Convert 314 (base 12) to base 10.
448
What is -112323 (base 6) in base 3?
-111012120
-55